
Is 2265511601 composite?
False
Is 397288823 composite?
False
Is 855299017 a composite number?
True
Is 290687953429 prime?
True
Is 597696901 a composite number?
True
Is 66004025839 a prime number?
False
Is 7588793 a prime number?
True
Is 1423943221 a prime number?
False
Is 59657239 prime?
False
Is 3521379229 a composite number?
False
Is 428666037 a prime number?
False
Is 558757691 a composite number?
False
Is 443992892039 a prime number?
False
Is 575943233 a prime number?
True
Is 3115278641 a composite number?
True
Is 76015457299 composite?
False
Is 7823135267 a composite number?
True
Is 90198206051 prime?
True
Is 233991253 a prime number?
True
Is 3594757603 composite?
False
Is 3394924301 composite?
False
Is 176899633 a prime number?
False
Is 72435233951 composite?
False
Is 15956915531 prime?
True
Is 461142733 a prime number?
True
Is 155161657583 prime?
True
Is 54748277 composite?
True
Is 18038049569 composite?
False
Is 3390107969 a composite number?
False
Is 5625205921 prime?
True
Is 859790663 a composite number?
False
Is 6522985231 a prime number?
False
Is 1167889799 composite?
False
Is 4414899409 a prime number?
False
Is 242822651 composite?
True
Is 194226307097 prime?
True
Is 104388010471 composite?
False
Is 28387063667 a prime number?
True
Is 1458671987 a composite number?
False
Is 48942599617 a prime number?
False
Is 38708737303 a prime number?
True
Is 12206939531 prime?
True
Is 2323096289 composite?
False
Is 668970923 prime?
True
Is 3147666707 a composite number?
False
Is 75626011687 a prime number?
False
Is 5990788549 composite?
False
Is 7399585681 a composite number?
False
Is 21639471319 composite?
True
Is 992738407 prime?
True
Is 211251314629 prime?
True
Is 150806863 a prime number?
True
Is 11904146615 composite?
True
Is 155492304619 composite?
True
Is 327028203291 composite?
True
Is 28498931 a prime number?
True
Is 125181569633 composite?
False
Is 159932161 composite?
False
Is 28851801559 prime?
False
Is 21173054227 composite?
True
Is 33064829033 composite?
True
Is 2227560107 a prime number?
True
Is 212762861 a prime number?
True
Is 2153963231 a prime number?
False
Is 101993327 a composite number?
False
Is 50623843 a composite number?
False
Is 309621742 prime?
False
Is 239514199 prime?
True
Is 70681763 composite?
False
Is 56033760683 a composite number?
False
Is 1712090609 prime?
False
Is 180270571 prime?
False
Is 5865004757 a composite number?
True
Is 1843792387 prime?
False
Is 4755567961 composite?
False
Is 19495709249 composite?
False
Is 7072662041 a composite number?
False
Is 356335831 composite?
True
Is 42927301 prime?
False
Is 912667927 prime?
True
Is 1586342753 a composite number?
True
Is 298809139 composite?
False
Is 26829432737 a prime number?
False
Is 449664721 a prime number?
False
Is 147650395279 composite?
False
Is 139677211 a composite number?
False
Is 9543072687 a composite number?
True
Is 56025244991 a prime number?
False
Is 21504222353 a prime number?
True
Is 986032457 a prime number?
True
Is 19150402591 a composite number?
False
Is 1284546451 composite?
False
Is 30066282011 prime?
False
Is 14569142689 composite?
False
Is 62446521953 prime?
True
Is 976185391 a composite number?
False
Is 1947461237 composite?
False
Is 142490980139 a prime number?
False
Is 477941507 composite?
False
Is 2632958863 composite?
False
Is 649958191 a prime number?
True
Is 3014927449 composite?
False
Is 200632817321 a prime number?
True
Is 3963806303 a prime number?
True
Is 101725115 prime?
False
Is 23111571097 a composite number?
False
Is 267955958 a composite number?
True
Is 34159580134 composite?
True
Is 17263681685 composite?
True
Is 4442449321 a prime number?
True
Is 451414339 a composite number?
False
Is 54863635043 a composite number?
True
Is 168312817 a prime number?
True
Is 942969169 prime?
False
Is 517193896517 prime?
True
Is 809319319 composite?
False
Is 14748317795 composite?
True
Is 51626312209 a composite number?
False
Is 20897077983 a prime number?
False
Is 591733247 a prime number?
False
Is 45515833217 prime?
False
Is 650449237 composite?
True
Is 501712149 prime?
False
Is 3864554549 a prime number?
False
Is 2103685917 a composite number?
True
Is 173392577 a composite number?
False
Is 20768279419 a composite number?
True
Is 1574998277 a composite number?
True
Is 2556833129 a prime number?
True
Is 498310943 a prime number?
False
Is 20400905783 prime?
True
Is 4321308083 prime?
True
Is 5298331823 a prime number?
True
Is 972213181 prime?
False
Is 17071194779 a composite number?
False
Is 12072701 composite?
True
Is 16610320765 composite?
True
Is 26150998466 prime?
False
Is 6356070251 a prime number?
True
Is 3357188267 a prime number?
True
Is 236768941 composite?
False
Is 5531967499 prime?
False
Is 108071115329 prime?
True
Is 2452928237 prime?
False
Is 44045531801 a composite number?
True
Is 4729963051 prime?
False
Is 6343410287 a composite number?
False
Is 36779165515 prime?
False
Is 5221245541 a prime number?
True
Is 12890550529 a composite number?
True
Is 2274736385 prime?
False
Is 2740279677 a prime number?
False
Is 5925098033 a prime number?
False
Is 13307902931 composite?
False
Is 96871709087 prime?
False
Is 4012256051 composite?
True
Is 599010801 a composite number?
True
Is 849921550451 prime?
True
Is 33949601297 composite?
False
Is 147888236557 a composite number?
False
Is 581406565 prime?
False
Is 16918895891 a composite number?
False
Is 31128155543 a composite number?
False
Is 3951350639 a composite number?
True
Is 403747703 prime?
True
Is 90470234323 composite?
True
Is 3765019487 prime?
True
Is 1899221439 composite?
True
Is 40133625227 prime?
True
Is 3404350433 a prime number?
False
Is 6434904365 prime?
False
Is 30938280649 prime?
True
Is 2889256091 a composite number?
False
Is 5614694947 a composite number?
False
Is 430796307329 a composite number?
False
Is 1775295733 composite?
True
Is 10033086293 a prime number?
False
Is 6272523797 prime?
True
Is 622720212143 a composite number?
False
Is 1958467451 composite?
False
Is 9639843029 a prime number?
True
Is 2087896771 composite?
False
Is 57516039403 prime?
False
Is 4458031189 a composite number?
True
Is 302750995 a prime number?
False
Is 203233827857 composite?
True
Is 173051963 a prime number?
False
Is 894471761 prime?
False
Is 913146074 prime?
False
Is 240420949 a prime number?
True
Is 14811775906 a prime number?
False
Is 3608295629 a composite number?
True
Is 494868701 a prime number?
True
Is 4432684417 composite?
True
Is 247799969 a prime number?
False
Is 14164251307 composite?
True
Is 1620776119 a prime number?
False
Is 14046852821 composite?
False
Is 212118941 prime?
False
Is 4844699291 composite?
True
Is 7842154039 a composite number?
False
Is 618577346 prime?
False
Is 109966000307 a prime number?
False
Is 62253871 a prime number?
True
Is 34508866441 prime?
False
Is 492438283 a prime number?
True
Is 93584785159 prime?
True
Is 46017071 prime?
False
Is 312702617 a prime number?
False
Is 257273269 prime?
False
Is 29417881657 a prime number?
True
Is 1322794261 composite?
False
Is 13741736179 composite?
False
Is 3365066659 a composite number?
False
Is 2501051627 composite?
False
Is 1324417163 prime?
True
Is 117826517 prime?
False
Is 1820157641 a composite number?
True
Is 613606047 a composite number?
True
Is 34495707331 a composite number?
True
Is 28923883627 prime?
False
Is 873126623 prime?
True
Is 1145234627 composite?
True
Is 13469747149 a prime number?
True
Is 3229946243 a composite number?
False
Is 2640425303 prime?
True
Is 9619000663 composite?
False
Is 25577297519 a prime number?
True
Is 4807057179 a prime number?
False
Is 4856399521 a composite number?
False
Is 11718074029 prime?
False
Is 1587589781 composite?
True
Is 2069874519 composite?
True
Is 1278114329 a prime number?
False
Is 76655681 a composite number?
False
Is 107164391537 a prime number?
False
Is 180969931 prime?
False
Is 39559204553 a composite number?
True
Is 5718945671 a composite number?
False
Is 2528765923 composite?
False
Is 394329449 a prime number?
True
Is 2726524289 composite?
False
Is 9812647187 a composite number?
True
Is 4075083041 a composite number?
True
Is 4144469191 a prime number?
True
Is 174006799 composite?
True
Is 842227411 prime?
False
Is 304012517 a composite number?
False
Is 